{"id":40,"date":"2016-01-07T23:27:27","date_gmt":"2016-01-07T22:27:27","guid":{"rendered":"http:\/\/pferdefreunde-weiten-gesaess.de\/?page_id=40"},"modified":"2026-04-28T21:53:03","modified_gmt":"2026-04-28T19:53:03","slug":"start-5","status":"publish","type":"page","link":"https:\/\/pferdefreunde-weiten-gesaess.de\/","title":{"rendered":"Hauptseite"},"content":{"rendered":"\n<p><\/p>\n\n\n\n<div class=\"wp-block-file\"><a id=\"wp-block-file--media-a5ec129a-f8d3-4bae-adf6-3ea17c47da6f\" href=\"https:\/\/pferdefreunde-weiten-gesaess.de\/wp-content\/uploads\/2026\/04\/Ausschreibung-und-Anmeldung-Reiterrallye.2.pdf\">Ausschreibung-und-Anmeldung-Reiterrallye.2<\/a><a href=\"https:\/\/pferdefreunde-weiten-gesaess.de\/wp-content\/uploads\/2026\/04\/Ausschreibung-und-Anmeldung-Reiterrallye.2.pdf\" class=\"wp-block-file__button\" download aria-describedby=\"wp-block-file--media-a5ec129a-f8d3-4bae-adf6-3ea17c47da6f\">Herunterladen<\/a><\/div>\n\n\n\n<p>                             <\/p>\n\n\n\n<figure class=\"wp-block-image size-large\"><img loading=\"lazy\" width=\"683\" height=\"1024\" src=\"https:\/\/pferdefreunde-weiten-gesaess.de\/wp-content\/uploads\/2026\/04\/Plakat-Rallye-RJFV-2026-683x1024.jpeg\" alt=\"\" class=\"wp-image-1388\" srcset=\"https:\/\/pferdefreunde-weiten-gesaess.de\/wp-content\/uploads\/2026\/04\/Plakat-Rallye-RJFV-2026-683x1024.jpeg 683w, https:\/\/pferdefreunde-weiten-gesaess.de\/wp-content\/uploads\/2026\/04\/Plakat-Rallye-RJFV-2026-200x300.jpeg 200w, https:\/\/pferdefreunde-weiten-gesaess.de\/wp-content\/uploads\/2026\/04\/Plakat-Rallye-RJFV-2026-768x1152.jpeg 768w, https:\/\/pferdefreunde-weiten-gesaess.de\/wp-content\/uploads\/2026\/04\/Plakat-Rallye-RJFV-2026.jpeg 1024w\" sizes=\"(max-width: 683px) 100vw, 683px\" \/><\/figure>\n\n\n\n<p>Herzlich Willkommen auf der Homepage des <em>Reit-, Jagd- &amp; Fahrverein Weiten-Ges\u00e4\u00df!<\/em><\/p>\n\n\n\n<p>Der Bereich <strong>&#8222;Berichte&#8220;<\/strong> wird ein st\u00e4ndig wachsendes Archiv an Berichten \u00fcber die Vereinsaktivit\u00e4ten werden.<\/p>\n\n\n\n<p>Als Anh\u00e4nger des Vereins, seid ihr auch gerne eingeladen, euch an diesem Archiv zu beteiligen und eigene Beitr\u00e4ge zu schreiben. Falls ihr an der Ver\u00f6ffentlichung auf dieser Seite interessiert seid, meldet euch bitte per E-Mail oder bei einem unserer Vorstandsmitglieder.<\/p>\n","protected":false},"excerpt":{"rendered":"<p>Herzlich Willkommen auf der Homepage des Reit-, Jagd- &amp; Fahrverein Weiten-Ges\u00e4\u00df! Der Bereich &#8222;Berichte&#8220; wird ein st\u00e4ndig wachsendes Archiv an Berichten \u00fcber die Vereinsaktivit\u00e4ten werden. Als Anh\u00e4nger des Vereins, seid ihr auch gerne eingeladen, euch an diesem Archiv zu beteiligen und eigene Beitr\u00e4ge zu schreiben. Falls ihr an der Ver\u00f6ffentlichung auf dieser Seite interessiert seid, [&hellip;]<\/p>\n","protected":false},"author":2,"featured_media":0,"parent":0,"menu_order":0,"comment_status":"closed","ping_status":"closed","template":"","meta":[],"_links":{"self":[{"href":"https:\/\/pferdefreunde-weiten-gesaess.de\/index.php\/wp-json\/wp\/v2\/pages\/40"}],"collection":[{"href":"https:\/\/pferdefreunde-weiten-gesaess.de\/index.php\/wp-json\/wp\/v2\/pages"}],"about":[{"href":"https:\/\/pferdefreunde-weiten-gesaess.de\/index.php\/wp-json\/wp\/v2\/types\/page"}],"author":[{"embeddable":true,"href":"https:\/\/pferdefreunde-weiten-gesaess.de\/index.php\/wp-json\/wp\/v2\/users\/2"}],"replies":[{"embeddable":true,"href":"https:\/\/pferdefreunde-weiten-gesaess.de\/index.php\/wp-json\/wp\/v2\/comments?post=40"}],"version-history":[{"count":70,"href":"https:\/\/pferdefreunde-weiten-gesaess.de\/index.php\/wp-json\/wp\/v2\/pages\/40\/revisions"}],"predecessor-version":[{"id":1394,"href":"https:\/\/pferdefreunde-weiten-gesaess.de\/index.php\/wp-json\/wp\/v2\/pages\/40\/revisions\/1394"}],"wp:attachment":[{"href":"https:\/\/pferdefreunde-weiten-gesaess.de\/index.php\/wp-json\/wp\/v2\/media?parent=40"}],"curies":[{"name":"wp","href":"https:\/\/api.w.org\/{rel}","templated":true}]}}